 the highest common divisor of 9417 and 6?
3
What is the greatest common factor of 600 and 96?
24
Calculate the highest common divisor of 54 and 135.
27
Calculate the greatest common divisor of 11 and 4169.
11
What is the greatest common divisor of 12 and 17562?
6
What is the greatest common factor of 116 and 145?
29
Calculate the highest common factor of 12 and 348.
12
What is the greatest common factor of 144 and 368?
16
What is the highest common factor of 16 and 4000?
16
Calculate the greatest common factor of 875 and 35.
35
What is the highest common factor of 56 and 616?
56
Calculate the greatest common divisor of 56 and 1890.
14
Calculate the greatest common divisor of 976 and 61.
61
What is the greatest common factor of 2 and 2794?
2
What is the greatest common divisor of 70 and 5570?
10
What is the greatest common factor of 104 and 156?
52
Calculate the greatest common divisor of 9647 and 11.
11
What is the highest common factor of 176 and 48?
16
What is the highest common factor of 8 and 128?
8
What is the greatest common factor of 4 and 10936?
4
Calculate the greatest common divisor of 6980 and 20.
20
Calculate the greatest common divisor of 1287 and 65.
13
What is the greatest common factor of 576 and 18?
18
What is the highest common divisor of 1067 and 679?
97
What is the highest common divisor of 35 and 749?
7
What is the highest common factor of 147 and 189?
21
Calculate the highest common divisor of 684 and 418.
38
Calculate the highest common factor of 14595 and 70.
35
Calculate the greatest common factor of 1558 and 82.
82
Calculate the highest common divisor of 29 and 4031.
29
What is the highest common factor of 2414 and 102?
34
Calculate the greatest common divisor of 222 and 2368.
74
What is the greatest common divisor of 7938 and 36?
18
What is the greatest common divisor of 80 and 720?
80
What is the greatest common factor of 329 and 1363?
47
What is the highest common factor of 215 and 516?
43
Calculate the greatest common divisor of 39 and 169.
13
What is the greatest common factor of 64 and 5696?
64
Calculate the highest common divisor of 2448 and 119.
17
What is the greatest common divisor of 125 and 75?
25
What is the highest common divisor of 752 and 47?
47
What is the greatest common divisor of 608 and 320?
32
What is the highest common divisor of 35 and 710?
5
What is the highest common factor of 230 and 83030?
230
What is the highest common factor of 46 and 828?
46
Calculate the greatest common divisor of 555 and 222.
111
Calculate the highest common factor of 5144 and 8.
8
What is the greatest common divisor of 138 and 9039?
69
What is the greatest common divisor of 6312 and 24?
24
What is the highest common divisor of 54 and 243?
27
What is the highest common divisor of 99 and 1177?
11
What is the highest common factor of 3 and 45?
3
What is the highest common divisor of 315 and 18?
9
Calculate the highest common factor of 10199 and 94.
47
What is the highest common factor of 219 and 9?
3
Calculate the highest common divisor of 15 and 945.
15
Calculate the highest common divisor of 27732 and 48.
12
Calculate the greatest common divisor of 370 and 481.
37
What is the highest common factor of 5 and 40?
5
What is the highest common divisor of 344 and 129?
43
What is the greatest common divisor of 4 and 1756?
4
What is the highest common divisor of 315 and 7812?
63
Calculate the highest common factor of 885 and 1239.
177
What is the highest common factor of 250 and 8950?
50
Calculate the greatest common divisor of 4632 and 24.
24
Calculate the greatest common factor of 2960 and 1600.
80
Calculate the highest common divisor of 1365 and 351.
39
What is the highest common divisor of 1701 and 504?
63
What is the highest common divisor of 374 and 442?
34
What is the highest common factor of 305 and 4331?
61
What is the greatest common divisor of 26 and 5018?
26
What is the greatest common factor of 58 and 5974?
58
What is the highest common factor of 992 and 31?
31
Calculate the greatest common divisor of 344 and 4214.
86
Calculate the greatest common factor of 84 and 288.
12
What is the highest common divisor of 40 and 2248?
8
What is the greatest common divisor of 1 and 17?
1
Calculate the highest common factor of 135 and 165.
15
What is the greatest common factor of 54 and 30?
6
What is the highest common divisor of 108 and 369?
9
What is the greatest common factor of 8770 and 10?
10
What is the highest common divisor of 369 and 984?
123
Calculate the highest common factor of 36 and 16596.
36
What is the greatest common factor of 38 and 2318?
38
Calculate the highest common factor of 100 and 1125.
25
What is the greatest common factor of 36 and 15948?
36
What is the highest common factor of 1363 and 261?
29
What is the highest common factor of 21 and 581?
7
Calculate the highest common factor of 19250 and 154.
154
What is the greatest common factor of 135 and 45?
45
Calculate the greatest common divisor of 66 and 231.
33
What is the greatest common factor of 160 and 16160?
160
Calculate the highest common divisor of 176 and 22000.
176
What is the highest common factor of 549 and 15555?
183
What is the greatest common divisor of 8 and 36?
4
What is the greatest common factor of 135 and 645?
15
What is the greatest common divisor of 96 and 13792?
32
Calculate the greatest common divisor of 2820 and 50.
10
What is the greatest common factor of 144 and 128?
16
What is the highest common factor of 86 and 3569?
43
What is the highest common divisor of 8201 and 118?
59
What is the greatest common divisor of 17 and 16?
1
Calculate the greatest common divisor of 1558 and 8938.
82
What is the greatest common divisor of 495 and 45?
45
What is the greatest common factor of 80 and 484?
4
What is the greatest common divisor of 524 and 6157?
131
What is the greatest common factor of 1056 and 192?
96
What is the greatest common divisor of 254 and 33401?
127
What is the highest common divisor of 4570 and 10?
10
What is the greatest common factor of 52 and 169?
13
Calculate the greatest common factor of 3 and 843.
3
Calculate the highest common factor of 80 and 90.
10
Calculate the greatest common factor of 240 and 255.
15
Calculate the highest common divisor of 266 and 56.
14
What is the greatest common divisor of 238 and 58786?
238
What is the greatest common divisor of 72 and 1476?
36
Calculate the greatest common divisor of 1095 and 4745.
365
What is the greatest common divisor of 360 and 960?
120
Calculate the greatest common factor of 38058 and 6.
6
What is the highest common divisor of 1620 and 36?
36
Calculate the greatest common divisor of 1027 and 299.
13
Calculate the greatest common divisor of 1121 and 19.
19
Calculate the highest common divisor of 40 and 2888.
8
What is the greatest common divisor of 66 and 1518?
66
Calculate the highest common factor of 14527 and 796.
199
Calculate the greatest common factor of 68 and 1292.
68
Calculate the highest common factor of 500 and 20.
20
Calculate the greatest common factor of 415 and 20.
5
What is the greatest common divisor of 148 and 5476?
148
What is the highest common factor of 2560 and 10?
10
What is the highest common divisor of 160 and 44320?
160
Calculate the greatest common divisor of 31 and 2759.
31
What is the greatest common factor of 87 and 145?
29
What is the greatest common factor of 1025 and 41?
41
What is the greatest common factor of 84 and 36?
12
Calculate the highest common divisor of 1704 and 96.
24
What is the highest common factor of 22 and 1298?
22
Calculate the greatest common factor of 12 and 684.
12
What is the greatest common divisor of 1840 and 880?
80
Calculate the highest common factor of 637 and 14.
7
What is the greatest common divisor of 168 and 4956?
84
Calculate the highest common factor of 1643 and 496.
31
Calculate the highest common divisor of 105 and 42.
21
Calculate the highest common factor of 33 and 209.
11
Calculate the greatest common factor of 10544 and 16.
16
What is the highest common divisor of 93 and 75?
3
Calculate the highest common divisor of 17680 and 390.
130
What is the greatest common factor of 4 and 6?
2
What is the highest common divisor of 58 and 8787?
29
Calculate the greatest common divisor of 42 and 28644.
4